{"id":8805,"date":"2024-09-28T16:20:14","date_gmt":"2024-09-28T13:20:14","guid":{"rendered":"https:\/\/zetaskimya.com.tr\/?post_type=product&#038;p=8805"},"modified":"2026-03-26T23:03:10","modified_gmt":"2026-03-26T20:03:10","slug":"aku-suyu","status":"publish","type":"product","link":"https:\/\/zetaskimya.com.tr\/index.php\/product\/aku-suyu\/","title":{"rendered":"Ak\u00fc Suyu"},"content":{"rendered":"<p>Ak\u00fcn\u00fcn i\u00e7inde yer alan su yani asit maddesi Ak\u00fc suyu olarak adland\u0131r\u0131l\u0131r. Tarihimize bakt\u0131\u011f\u0131m\u0131zda arabalar\u0131n veya araba benzeri ara\u00e7lar\u0131n yap\u0131lmas\u0131nda kullan\u0131lan en genel diyagram ak\u00fc suyu olmu\u015ftur. Ak\u00fc suyunun bir di\u011fer \u00f6zelli\u011fi ise kullan\u0131lan bu ak\u00fc suyunun zamanla eksilmesi sebebiyle de i\u00e7ine safla\u015ft\u0131r\u0131lm\u0131\u015f su kat\u0131larak uzun y\u0131llar boyu bir \u015fekilde ak\u00fc suyunun kendi kendini \u015farj etmesi olay\u0131 ortaya \u00e7\u0131km\u0131\u015ft\u0131r. \u00d6zellikle bu ak\u00fc suyunun \u00f6nemi o kadar b\u00fcy\u00fckt\u00fcr ki, sadece ara\u00e7lar i\u00e7in de\u011fil g\u00fcne\u015f panelleri i\u00e7inde kullan\u0131lan b\u00fcy\u00fck ve devasa ak\u00fc sular\u0131 da vard\u0131r. Ak\u00fc suyunun tehlikeli olmas\u0131ndan dolay\u0131 (asit su kar\u0131\u015f\u0131m\u0131) son derece \u00e7ok tehlikeli bir maddedir. Bu maddenin kullan\u0131labilmesi i\u00e7in mutlaka ellerimize eldiven veya korumal\u0131k takarak ak\u00fc suyuna dokunabilmekteyiz.<\/p>\n<p>Ak\u00fc suyunun en fazla i\u015fe yarad\u0131\u011f\u0131 yer ise pozitif plaklar kur\u015fun dioksit ve negatif plakalar ise kur\u015fun i\u00e7ermesidir. Nedir bu pozitif ve negatif y\u00f6nleri?<\/p>\n<p>Negatif ve pozitif olma sebebi kulland\u0131\u011f\u0131m\u0131z arac\u0131n \u00e7al\u0131\u015fabilmesi i\u00e7in asl\u0131nda iki kablo kullan\u0131larak pozitif ve negatif kutuplar ile arac\u0131n veya ba\u015fka bir aletin \u00e7al\u0131\u015fmas\u0131n\u0131 sa\u011flamakt\u0131r. Zaten bu ala\u015f\u0131mlar\u0131n yani pozitif ve negatif y\u00f6n i\u00e7in kullan\u0131lan asit miktar\u0131n\u0131n i\u00e7indeki oran e lik bir k\u0131s\u0131mdan olu\u015fmaktad\u0131r.<\/p>\n<p>Ak\u00fc suyunun normal sudan fark\u0131 ise;\u00a0<strong>ak\u00fc suyu<\/strong>\u00a0ara\u00e7lar i\u00e7in kullan\u0131lan bir madde olup i\u00e7inde elektriksel maddeler olmas\u0131d\u0131r ve bunlar\u0131n olmas\u0131 sebebiyle de ak\u00fcm\u00fcz negatif ve pozitif y\u00f6n olarak ikiye ayr\u0131lan bir maddedir. Ak\u00fc suyu asitli bir kar\u0131\u015f\u0131ma sahip oldu\u011fu i\u00e7in ve\u00a0<strong>saf su<\/strong>\u00a0da oldu\u011fu i\u00e7in normal bir su veya bir s\u0131v\u0131 gibi t\u00fcketilemez. Zaten t\u00fcketilmesi de sa\u011fl\u0131k a\u00e7\u0131s\u0131ndan \u00e7ok tehlikeli bir maddedir.<\/p>\n<p>Ak\u00fc suyunun eksik olmas\u0131 demek kullan\u0131lan arac\u0131n kat etti\u011fi yoldan daha az bir yol kat edebilmesi manas\u0131na gelmektedir. Ak\u00fc suyunun az olmas\u0131 bir\u00e7ok tehlikeyi ortaya \u00e7\u0131kartan ana etmenlerden bir tanesidir. Ak\u00fc suyunun eksik olmas\u0131 demek ak\u00fc suyunun yeteri kadar iyi \u00e7al\u0131\u015famamas\u0131 ve patlamaya bile yol a\u00e7abilecek bir enerji demektir.\u00a0<strong>Distile su<\/strong>\u00a0asit gibi bir mekanizma oldu\u011fu i\u00e7inde ak\u00fclerde \u00e7ok rahatl\u0131kla kullan\u0131labilir.<\/p>\n<p>Zeta\u015f olarak bizden istenilen miktarda ak\u00fc suyu ( saf su ) temin edebilirsiniz. \u0130ster web sayfam\u0131zdan lt baz\u0131nda, ister tanker baz\u0131nda saf su sat\u0131n alabilir, diledi\u011finiz miktarlar i\u00e7in ileti\u015fime de ge\u00e7erek fiyat teklifi alabilirsiniz.<\/p>\n","protected":false},"excerpt":{"rendered":"<p>Saf Su, Distile Su<\/p>\n","protected":false},"featured_media":8822,"comment_status":"open","ping_status":"closed","template":"","meta":[],"product_cat":[172,171],"product_tag":[173],"class_list":{"0":"post-8805","1":"product","2":"type-product","3":"status-publish","4":"has-post-thumbnail","6":"product_cat-saf-su","7":"product_cat-sanayi-tipi-su-aritma","8":"product_tag-saf-su","11":"instock","12":"shipping-taxable","13":"purchasable","14":"product-type-simple"},"jetpack_sharing_enabled":true,"_links":{"self":[{"href":"https:\/\/zetaskimya.com.tr\/index.php\/wp-json\/wp\/v2\/product\/8805","targetHints":{"allow":["GET"]}}],"collection":[{"href":"https:\/\/zetaskimya.com.tr\/index.php\/wp-json\/wp\/v2\/product"}],"about":[{"href":"https:\/\/zetaskimya.com.tr\/index.php\/wp-json\/wp\/v2\/types\/product"}],"replies":[{"embeddable":true,"href":"https:\/\/zetaskimya.com.tr\/index.php\/wp-json\/wp\/v2\/comments?post=8805"}],"version-history":[{"count":0,"href":"https:\/\/zetaskimya.com.tr\/index.php\/wp-json\/wp\/v2\/product\/8805\/revisions"}],"wp:featuredmedia":[{"embeddable":true,"href":"https:\/\/zetaskimya.com.tr\/index.php\/wp-json\/wp\/v2\/media\/8822"}],"wp:attachment":[{"href":"https:\/\/zetaskimya.com.tr\/index.php\/wp-json\/wp\/v2\/media?parent=8805"}],"wp:term":[{"taxonomy":"product_cat","embeddable":true,"href":"https:\/\/zetaskimya.com.tr\/index.php\/wp-json\/wp\/v2\/product_cat?post=8805"},{"taxonomy":"product_tag","embeddable":true,"href":"https:\/\/zetaskimya.com.tr\/index.php\/wp-json\/wp\/v2\/product_tag?post=8805"}],"curies":[{"name":"wp","href":"https:\/\/api.w.org\/{rel}","templated":true}]}}