{"id":8852,"date":"2024-09-28T16:20:30","date_gmt":"2024-09-28T13:20:30","guid":{"rendered":"https:\/\/zetaskimya.com.tr\/?post_type=product&#038;p=8852"},"modified":"2026-04-20T04:06:06","modified_gmt":"2026-04-20T01:06:06","slug":"aquabir-aritmali-su-sebili","status":"publish","type":"product","link":"https:\/\/zetaskimya.com.tr\/index.php\/product\/aquabir-aritmali-su-sebili\/","title":{"rendered":"Aquabir Ar\u0131tmal\u0131 Su Sebili"},"content":{"rendered":"<div class=\"col-sm-6 col-xs-12\">\n<p><b>Aquabir Ar\u0131tmal\u0131 Su Sebili ( Pompal\u0131 )<\/b><\/p>\n<ul>\n<li>12&#8243; Inline 5 Mikron Spun Filtre<\/li>\n<li>12&#8243; Inline GAC Coconat Karbon Filtre<\/li>\n<li>12&#8243; Inline Blok Coconat Karbon Filtre<\/li>\n<li>80 GPD Membran<\/li>\n<li>Shut-Off Valve<\/li>\n<li>Is\u0131tma Kapasitesi 5L\/h<\/li>\n<li>So\u011futma Kapasitesi 2L\/h<\/li>\n<li>2,7 Litre So\u011fuk Tank Kapasitesi<\/li>\n<li>1,0 Litre S\u0131cak Su Tank Kapasitesi<\/li>\n<li>60 PSI Bas\u0131n\u00e7 D\u00fc\u015f\u00fcr\u00fcc\u00fc<\/li>\n<li>24V Pompa<\/li>\n<\/ul>\n<\/div>\n<div class=\"col-sm-6 col-xs-12\">\n<p><b>Aquabir Ar\u0131tmal\u0131 Su Sebili ( Pompas\u0131z )<\/b><b><br \/>\n<\/b><\/p>\n<ul>\n<li>12&#8243; Inline 5 Mikron Spun Filtre<\/li>\n<li>12&#8243; Inline GAC Coconat Karbon Filtre<\/li>\n<li>12&#8243; Inline Blok Coconat Karbon Filtre<\/li>\n<li>80 GPD Membran<\/li>\n<li>Shut-Off Valve<\/li>\n<li>Is\u0131tma Kapasitesi 5L\/h<\/li>\n<li>So\u011futma Kapasitesi 2L\/h<\/li>\n<li>2,7 Litre So\u011fuk Tank Kapasitesi<\/li>\n<li>1,0 Litre S\u0131cak Su Tank Kapasitesi<\/li>\n<li>60 PSI Bas\u0131n\u00e7 D\u00fc\u015f\u00fcr\u00fcc\u00fc<\/li>\n<\/ul>\n<\/div>\n","protected":false},"excerpt":{"rendered":"<p>Aquabir Ar\u0131tmal\u0131 Su Sebili ( Pompal\u0131 ) 12&#8243; Inline 5 Mikron Spun Filtre 12&#8243; Inline GAC Coconat Karbon Filtre 12&#8243; Inline Blok Coconat Karbon Filtre 80 GPD Membran Shut-Off Valve Is\u0131tma Kapasitesi 5L\/h So\u011futma Kapasitesi 2L\/h 2,7 Litre So\u011fuk Tank Kapasitesi 1,0 Litre S\u0131cak Su Tank Kapasitesi 60 PSI Bas\u0131n\u00e7 D\u00fc\u015f\u00fcr\u00fcc\u00fc 24V Pompa Aquabir Ar\u0131tmal\u0131 &hellip; <a href=\"https:\/\/zetaskimya.com.tr\/index.php\/product\/aquabir-aritmali-su-sebili\/\" class=\"more-link\">Continue reading <span class=\"screen-reader-text\">Aquabir Ar\u0131tmal\u0131 Su Sebili<\/span><\/a><\/p>\n","protected":false},"featured_media":8875,"comment_status":"open","ping_status":"closed","template":"","meta":[],"product_cat":[176,175,151],"product_tag":[183],"class_list":{"0":"post-8852","1":"product","2":"type-product","3":"status-publish","4":"has-post-thumbnail","6":"product_cat-aritmali-su-sebili","7":"product_cat-cihazlar","8":"product_cat-ev-tipi-su-aritma","9":"product_tag-aritmali-su-sebili","10":"pa_ozellik-pompali","11":"pa_ozellik-pompasiz","12":"pa_renk-beyaz","13":"pa_renk-siyah","16":"instock","17":"shipping-taxable","18":"purchasable","19":"product-type-variable"},"jetpack_sharing_enabled":true,"_links":{"self":[{"href":"https:\/\/zetaskimya.com.tr\/index.php\/wp-json\/wp\/v2\/product\/8852","targetHints":{"allow":["GET"]}}],"collection":[{"href":"https:\/\/zetaskimya.com.tr\/index.php\/wp-json\/wp\/v2\/product"}],"about":[{"href":"https:\/\/zetaskimya.com.tr\/index.php\/wp-json\/wp\/v2\/types\/product"}],"replies":[{"embeddable":true,"href":"https:\/\/zetaskimya.com.tr\/index.php\/wp-json\/wp\/v2\/comments?post=8852"}],"version-history":[{"count":0,"href":"https:\/\/zetaskimya.com.tr\/index.php\/wp-json\/wp\/v2\/product\/8852\/revisions"}],"wp:featuredmedia":[{"embeddable":true,"href":"https:\/\/zetaskimya.com.tr\/index.php\/wp-json\/wp\/v2\/media\/8875"}],"wp:attachment":[{"href":"https:\/\/zetaskimya.com.tr\/index.php\/wp-json\/wp\/v2\/media?parent=8852"}],"wp:term":[{"taxonomy":"product_cat","embeddable":true,"href":"https:\/\/zetaskimya.com.tr\/index.php\/wp-json\/wp\/v2\/product_cat?post=8852"},{"taxonomy":"product_tag","embeddable":true,"href":"https:\/\/zetaskimya.com.tr\/index.php\/wp-json\/wp\/v2\/product_tag?post=8852"}],"curies":[{"name":"wp","href":"https:\/\/api.w.org\/{rel}","templated":true}]}}