{"id":8901,"date":"2024-09-28T16:20:47","date_gmt":"2024-09-28T13:20:47","guid":{"rendered":"https:\/\/zetaskimya.com.tr\/?post_type=product&#038;p=8901"},"modified":"2026-05-01T07:20:47","modified_gmt":"2026-05-01T04:20:47","slug":"aqualine-ph-metre","status":"publish","type":"product","link":"https:\/\/zetaskimya.com.tr\/index.php\/product\/aqualine-ph-metre\/","title":{"rendered":"Aqualine PH Metre"},"content":{"rendered":"<p>Aqualine PH Metre: Ambalaj, Damacana, Ar\u0131tma Cihaz\u0131 \u0130\u00e7me, Akvaryum Sular\u0131, S\u0131v\u0131 Sabun, Y\u00fczme ( Havuz ) Sular\u0131 ve her t\u00fcrl\u00fc s\u0131v\u0131 g\u0131da, i\u00e7eceklerin \u00f6l\u00e7\u00fcm\u00fcn\u00fc sa\u011flar<\/p>\n","protected":false},"excerpt":{"rendered":"<p>Aqualine PH Metre: Ambalaj, Damacana, Ar\u0131tma Cihaz\u0131 \u0130\u00e7me, Akvaryum Sular\u0131, S\u0131v\u0131 Sabun, Y\u00fczme ( Havuz ) Sular\u0131 ve her t\u00fcrl\u00fc s\u0131v\u0131 g\u0131da, i\u00e7eceklerin \u00f6l\u00e7\u00fcm\u00fcn\u00fc sa\u011flar<\/p>\n","protected":false},"featured_media":8922,"comment_status":"open","ping_status":"closed","template":"","meta":[],"product_cat":[188,168,151],"product_tag":[189],"class_list":{"0":"post-8901","1":"product","2":"type-product","3":"status-publish","4":"has-post-thumbnail","6":"product_cat-analiz-ve-olcum-ekipmanlari","7":"product_cat-ekipmanlar","8":"product_cat-ev-tipi-su-aritma","9":"product_tag-analiz-ve-olcum-ekipmanlari","12":"instock","13":"shipping-taxable","14":"purchasable","15":"product-type-simple"},"jetpack_sharing_enabled":true,"_links":{"self":[{"href":"https:\/\/zetaskimya.com.tr\/index.php\/wp-json\/wp\/v2\/product\/8901","targetHints":{"allow":["GET"]}}],"collection":[{"href":"https:\/\/zetaskimya.com.tr\/index.php\/wp-json\/wp\/v2\/product"}],"about":[{"href":"https:\/\/zetaskimya.com.tr\/index.php\/wp-json\/wp\/v2\/types\/product"}],"replies":[{"embeddable":true,"href":"https:\/\/zetaskimya.com.tr\/index.php\/wp-json\/wp\/v2\/comments?post=8901"}],"version-history":[{"count":0,"href":"https:\/\/zetaskimya.com.tr\/index.php\/wp-json\/wp\/v2\/product\/8901\/revisions"}],"wp:featuredmedia":[{"embeddable":true,"href":"https:\/\/zetaskimya.com.tr\/index.php\/wp-json\/wp\/v2\/media\/8922"}],"wp:attachment":[{"href":"https:\/\/zetaskimya.com.tr\/index.php\/wp-json\/wp\/v2\/media?parent=8901"}],"wp:term":[{"taxonomy":"product_cat","embeddable":true,"href":"https:\/\/zetaskimya.com.tr\/index.php\/wp-json\/wp\/v2\/product_cat?post=8901"},{"taxonomy":"product_tag","embeddable":true,"href":"https:\/\/zetaskimya.com.tr\/index.php\/wp-json\/wp\/v2\/product_tag?post=8901"}],"curies":[{"name":"wp","href":"https:\/\/api.w.org\/{rel}","templated":true}]}}