{"id":8904,"date":"2024-09-28T16:20:48","date_gmt":"2024-09-28T13:20:48","guid":{"rendered":"https:\/\/zetaskimya.com.tr\/?post_type=product&#038;p=8904"},"modified":"2026-03-26T23:08:24","modified_gmt":"2026-03-26T20:08:24","slug":"aqualine-ss304-coklu-kartus-filtreler","status":"publish","type":"product","link":"https:\/\/zetaskimya.com.tr\/index.php\/product\/aqualine-ss304-coklu-kartus-filtreler\/","title":{"rendered":"Aqualine SS304 \u00c7oklu Kartu\u015f Filtreler"},"content":{"rendered":"<p><b>Standart \u00d6zellikler<\/b><\/p>\n<p>&#8211; \u00c7al\u0131\u015fma Bas\u0131nc\u0131: 10 Bar max<\/p>\n<p>&#8211; Drenaj Hatt\u0131: AISI 304 Paslanmaz \u00c7elik G\u00f6vde<\/p>\n<p>&#8211; Filtrasyon Aral\u0131\u011f\u0131: 1 -25\u00b5<\/p>\n<p>Not:\u00a0ZTS-5420 ve ZTS-5425 aras\u0131 di\u015fli ba\u011flant\u0131l\u0131d\u0131r. ZTS-5426 ve ZTS-5431 aras\u0131 flan\u015f ba\u011flant\u0131l\u0131d\u0131r.\u00a0 3 ve 27 kartu\u015flu \u00e7oklu filtre modelleri endcapl\u0131 ve y\u0131kanabilir kartu\u015flara uyumlu de\u011fildir.<\/p>\n","protected":false},"excerpt":{"rendered":"<p>Standart \u00d6zellikler &#8211; \u00c7al\u0131\u015fma Bas\u0131nc\u0131: 10 Bar max &#8211; Drenaj Hatt\u0131: AISI 304 Paslanmaz \u00c7elik G\u00f6vde &#8211; Filtrasyon Aral\u0131\u011f\u0131: 1 -25\u00b5 Not:\u00a0ZTS-5420 ve ZTS-5425 aras\u0131 di\u015fli ba\u011flant\u0131l\u0131d\u0131r. ZTS-5426 ve ZTS-5431 aras\u0131 flan\u015f ba\u011flant\u0131l\u0131d\u0131r.\u00a0 3 ve 27 kartu\u015flu \u00e7oklu filtre modelleri endcapl\u0131 ve y\u0131kanabilir kartu\u015flara uyumlu de\u011fildir.<\/p>\n","protected":false},"featured_media":8928,"comment_status":"open","ping_status":"closed","template":"","meta":[],"product_cat":[191,194,171],"product_tag":[],"class_list":{"0":"post-8904","1":"product","2":"type-product","3":"status-publish","4":"has-post-thumbnail","6":"product_cat-filtrasyon-sistemleri","7":"product_cat-kartus-filtre-ve-cihazlari","8":"product_cat-sanayi-tipi-su-aritma","9":"pa_10-mikron-420","10":"pa_10-mikron-421","11":"pa_10-mikron-422","12":"pa_10-mikron-423","13":"pa_10-mikron-424","14":"pa_10-mikron-425","15":"pa_10-mikron-426","16":"pa_10-mikron-427","17":"pa_10-mikron-428","18":"pa_10-mikron-429","19":"pa_1-mikron-397","20":"pa_1-mikron-398","21":"pa_1-mikron-399","22":"pa_1-mikron-400","23":"pa_1-mikron-401","24":"pa_1-mikron-402","25":"pa_1-mikron-403","26":"pa_1-mikron-404","27":"pa_1-mikron-405","28":"pa_1-mikron-406","29":"pa_1-mikron-407","30":"pa_25-mikron-430","31":"pa_25-mikron-431","32":"pa_25-mikron-432","33":"pa_25-mikron-433","34":"pa_25-mikron-434","35":"pa_25-mikron-435","36":"pa_25-mikron-436","37":"pa_50-mikron-437","38":"pa_50-mikron-438","39":"pa_50-mikron-439","40":"pa_50-mikron-440","41":"pa_50-mikron-441","42":"pa_5-mikron-408","43":"pa_5-mikron-409","44":"pa_5-mikron-410","45":"pa_5-mikron-411","46":"pa_5-mikron-412","47":"pa_5-mikron-413","48":"pa_5-mikron-414","49":"pa_5-mikron-415","50":"pa_5-mikron-416","51":"pa_5-mikron-417","52":"pa_5-mikron-418","53":"pa_5-mikron-419","54":"pa_agirlik-kg-385","55":"pa_agirlik-kg-386","56":"pa_agirlik-kg-387","57":"pa_agirlik-kg-388","58":"pa_agirlik-kg-389","59":"pa_agirlik-kg-390","60":"pa_agirlik-kg-391","61":"pa_agirlik-kg-392","62":"pa_agirlik-kg-393","63":"pa_agirlik-kg-394","64":"pa_agirlik-kg-395","65":"pa_agirlik-kg-396","66":"pa_baglanti-2-dn50","67":"pa_baglanti-3-dn80","68":"pa_baglanti-4-dn100","69":"pa_baglanti-5-dn125","70":"pa_boyut-mm-373","71":"pa_boyut-mm-374","72":"pa_boyut-mm-375","73":"pa_boyut-mm-376","74":"pa_boyut-mm-377","75":"pa_boyut-mm-378","76":"pa_boyut-mm-379","77":"pa_boyut-mm-380","78":"pa_boyut-mm-381","79":"pa_boyut-mm-382","80":"pa_boyut-mm-383","81":"pa_boyut-mm-384","82":"pa_kartus-boyut-370","83":"pa_kartus-boyut-371","84":"pa_kartus-boyut-372","87":"instock","88":"shipping-taxable","89":"purchasable","90":"product-type-variable"},"jetpack_sharing_enabled":true,"_links":{"self":[{"href":"https:\/\/zetaskimya.com.tr\/index.php\/wp-json\/wp\/v2\/product\/8904","targetHints":{"allow":["GET"]}}],"collection":[{"href":"https:\/\/zetaskimya.com.tr\/index.php\/wp-json\/wp\/v2\/product"}],"about":[{"href":"https:\/\/zetaskimya.com.tr\/index.php\/wp-json\/wp\/v2\/types\/product"}],"replies":[{"embeddable":true,"href":"https:\/\/zetaskimya.com.tr\/index.php\/wp-json\/wp\/v2\/comments?post=8904"}],"version-history":[{"count":0,"href":"https:\/\/zetaskimya.com.tr\/index.php\/wp-json\/wp\/v2\/product\/8904\/revisions"}],"wp:featuredmedia":[{"embeddable":true,"href":"https:\/\/zetaskimya.com.tr\/index.php\/wp-json\/wp\/v2\/media\/8928"}],"wp:attachment":[{"href":"https:\/\/zetaskimya.com.tr\/index.php\/wp-json\/wp\/v2\/media?parent=8904"}],"wp:term":[{"taxonomy":"product_cat","embeddable":true,"href":"https:\/\/zetaskimya.com.tr\/index.php\/wp-json\/wp\/v2\/product_cat?post=8904"},{"taxonomy":"product_tag","embeddable":true,"href":"https:\/\/zetaskimya.com.tr\/index.php\/wp-json\/wp\/v2\/product_tag?post=8904"}],"curies":[{"name":"wp","href":"https:\/\/api.w.org\/{rel}","templated":true}]}}