{"id":8905,"date":"2024-09-28T16:20:48","date_gmt":"2024-09-28T13:20:48","guid":{"rendered":"https:\/\/zetaskimya.com.tr\/?post_type=product&#038;p=8905"},"modified":"2026-04-18T23:36:31","modified_gmt":"2026-04-18T20:36:31","slug":"telefon-ve-aksesuar-sterilizasyon-cihazi","status":"publish","type":"product","link":"https:\/\/zetaskimya.com.tr\/index.php\/product\/telefon-ve-aksesuar-sterilizasyon-cihazi\/","title":{"rendered":"Telefon ve Aksesuar Sterilizasyon Cihaz\u0131"},"content":{"rendered":"<p><b>Telefon ve Aksesuar Sterilizasyon Cihaz\u0131<\/b><\/p>\n<p><b>UV Lamba Watt:<\/b>\u00a02<\/p>\n<p><b>Toplam G\u00fc\u00e7 Watt:<\/b>\u00a09<\/p>\n<p><b>\u0130\u00e7 Hazne \u00d6l\u00e7\u00fc (mm) :<\/b>\u00a0100*180*22<\/p>\n<p><b>\u00d6zellik:<\/b>\u00a0Elektronik Kontroll\u00fc<\/p>\n<p><b>Kullan\u0131m Amac\u0131:<\/b>\u00a0Cep Telefonu, Aksesuar Dezenfeksiyonu<\/p>\n<p><b>Sterilizasyon Cihaz\u0131<\/b><\/p>\n<p>&nbsp;<\/p>\n<ol>\n<li>Ta\u015f\u0131nabilir UV sterilizat\u00f6r ve aroma dif\u00fcz\u00f6r\u00fc : Telefonunuzu dezenfekte ederken tazelemek i\u00e7in, sterilizat\u00f6r i\u00e7ine en sevdi\u011finiz aromatik ya\u011flardan birka\u00e7 damla ekleyebilirsiniz<\/li>\n<li>\u00c7ok i\u015flevli g\u00fc\u00e7 \u015farj\u0131 (kablosuz \u015farj\u0131 destekler) : Telefonu sterilize ederken \u015farj etme imkan\u0131 sunar. Bunun i\u00e7in telefonu kapatmaya gerek yoktur. Kablosuz veya kablolu \u015farj cihazlar\u0131na sahip t\u00fcm telefonlar\u0131 \u015far edebilir.<\/li>\n<li>7&#8243; cep telefonu ve smartphone ile uyumlu : Bir xphone Xs max, Samsung Note 9, S10 plus vb telefonlar dahil olmak \u00fczere daha b\u00fcy\u00fck telefon veya tabletler s\u0131\u011fabilir.<\/li>\n<li>Ki\u015fisel e\u015fyalar\u0131n sterilizasyonu : \u0130pod&#8217;lar, mp3 \u00e7alarlar, bluetooth kulakl\u0131klar\u0131, di\u015f f\u0131r\u00e7alar\u0131, saat, makyaj malzemeleri, oyuncaklar, emzik, g\u00f6zl\u00fck, anahtar ve m\u00fccevherat gibi ki\u015fisel e\u015fyalar\u0131n\u0131z\u0131n dezenfeksiyonu i\u00e7in uygundur.<\/li>\n<\/ol>\n<p>Not: Sterilizasyon cihaz\u0131 %99.9&#8217;a kadar e\u015fyalar\u0131n\u0131zdaki t\u00fcm vir\u00fcs ve bakterilerin yok olmas\u0131n\u0131 sa\u011flamaktad\u0131r.<\/p>\n<p><b>UV Sterilizasyon Cihaz\u0131<\/b><\/p>\n<p>&nbsp;<\/p>\n<ul>\n<li>Bakterileri 9 dakikada yok eder<\/li>\n<li>G\u00fcn i\u00e7inde s\u00fcrekli mikrop ve bakterilere maruz kalan telefonunuzu 9 dakika i\u00e7erisinde % 99,9 oran\u0131nda t\u00fcm mikroplar\u0131ndan ar\u0131n\u0131r.<\/li>\n<li>Kullan\u0131m\u0131 kolay ve otomatik olarak kapan\u0131r.<\/li>\n<\/ul>\n<p>Telefonu i\u00e7ine koyun, kapa\u011f\u0131 kapat\u0131n ve d\u00fc\u011fmeyi t\u0131klay\u0131n, UV sterilizasyon cihaz\u0131 \u0131\u015f\u0131klar\u0131 otomatik olarak ba\u015flar. 9 dakika \u00e7al\u0131\u015ft\u0131\u011f\u0131nda, otomatik olarak kapanacakt\u0131r. Telefonu \u00e7\u0131kar\u0131n, fi\u015fini \u00e7ekin. Basit ama i\u015flev bir s\u00fcre\u00e7tir.<\/p>\n<p><b>Ta\u015f\u0131nabilir UV sterilizat\u00f6r &amp; aromaterapi dif\u00fcz\u00f6r\u00fc<\/b><\/p>\n<ul>\n<li>Telefonunuzu veya ufak e\u015fyalar\u0131 dezenfekte ederken tazelemek i\u00e7in, sterilizat\u00f6r i\u00e7ine en sevdi\u011finiz aromatik ya\u011fdan birka\u00e7 damla ekleyin.<\/li>\n<li>\u00c7ok i\u015flevli g\u00fc\u00e7 \u015farj\u0131 &#8211; kablosuz \u015farj\u0131 destekler<\/li>\n<\/ul>\n<p>Telefonu sterilize edilirken \u015farj etme imkan\u0131 sunar. Telefonu kapatmaya gerek yoktur. Kablosuz veya kablolu \u015farj cihazlar\u0131na sahip t\u00fcm telefonlar\u0131 \u015farj edebilir.<\/p>\n<p><b>7\u201d cep telefonu ve Smartphone ile uyumlu<\/b><\/p>\n<p>Bir iPhone Xs max, Samsung Note 9, S10 plus vb. dahil olmak \u00fczere daha b\u00fcy\u00fck telefonlara ve phablet\u2019lere s\u0131\u011fabilir.<\/p>\n<p><b>Ki\u015fisel e\u015fyalar\u0131n sterilizasyonu<\/b><\/p>\n<p>iPod\u2019lar, mp3 \u00e7alarlar, bluetooth kulakl\u0131klar, di\u015f f\u0131r\u00e7alar\u0131, saat, makyaj malzemeleri, oyuncak, emzik, g\u00f6zl\u00fck, anahtar ve m\u00fccevherler gibi ki\u015fisel e\u015fyalar\u0131n dezenfeksiyonu i\u00e7in de uygundur.<\/p>\n","protected":false},"excerpt":{"rendered":"<p>Telefon ve Aksesuar Sterilizasyon Cihaz\u0131 UV Lamba Watt:\u00a02 Toplam G\u00fc\u00e7 Watt:\u00a09 \u0130\u00e7 Hazne \u00d6l\u00e7\u00fc (mm) :\u00a0100*180*22 \u00d6zellik:\u00a0Elektronik Kontroll\u00fc Kullan\u0131m Amac\u0131:\u00a0Cep Telefonu, Aksesuar Dezenfeksiyonu Sterilizasyon Cihaz\u0131 &nbsp; Ta\u015f\u0131nabilir UV sterilizat\u00f6r ve aroma dif\u00fcz\u00f6r\u00fc : Telefonunuzu dezenfekte ederken tazelemek i\u00e7in, sterilizat\u00f6r i\u00e7ine en sevdi\u011finiz aromatik ya\u011flardan birka\u00e7 damla ekleyebilirsiniz \u00c7ok i\u015flevli g\u00fc\u00e7 \u015farj\u0131 (kablosuz \u015farj\u0131 destekler) : &hellip; <a href=\"https:\/\/zetaskimya.com.tr\/index.php\/product\/telefon-ve-aksesuar-sterilizasyon-cihazi\/\" class=\"more-link\">Continue reading <span class=\"screen-reader-text\">Telefon ve Aksesuar Sterilizasyon Cihaz\u0131<\/span><\/a><\/p>\n","protected":false},"featured_media":8930,"comment_status":"open","ping_status":"closed","template":"","meta":[],"product_cat":[175,195,151],"product_tag":[],"class_list":{"0":"post-8905","1":"product","2":"type-product","3":"status-publish","4":"has-post-thumbnail","6":"product_cat-cihazlar","7":"product_cat-dezenfeksiyon-cihazi","8":"product_cat-ev-tipi-su-aritma","11":"instock","12":"shipping-taxable","13":"purchasable","14":"product-type-simple"},"jetpack_sharing_enabled":true,"_links":{"self":[{"href":"https:\/\/zetaskimya.com.tr\/index.php\/wp-json\/wp\/v2\/product\/8905","targetHints":{"allow":["GET"]}}],"collection":[{"href":"https:\/\/zetaskimya.com.tr\/index.php\/wp-json\/wp\/v2\/product"}],"about":[{"href":"https:\/\/zetaskimya.com.tr\/index.php\/wp-json\/wp\/v2\/types\/product"}],"replies":[{"embeddable":true,"href":"https:\/\/zetaskimya.com.tr\/index.php\/wp-json\/wp\/v2\/comments?post=8905"}],"version-history":[{"count":0,"href":"https:\/\/zetaskimya.com.tr\/index.php\/wp-json\/wp\/v2\/product\/8905\/revisions"}],"wp:featuredmedia":[{"embeddable":true,"href":"https:\/\/zetaskimya.com.tr\/index.php\/wp-json\/wp\/v2\/media\/8930"}],"wp:attachment":[{"href":"https:\/\/zetaskimya.com.tr\/index.php\/wp-json\/wp\/v2\/media?parent=8905"}],"wp:term":[{"taxonomy":"product_cat","embeddable":true,"href":"https:\/\/zetaskimya.com.tr\/index.php\/wp-json\/wp\/v2\/product_cat?post=8905"},{"taxonomy":"product_tag","embeddable":true,"href":"https:\/\/zetaskimya.com.tr\/index.php\/wp-json\/wp\/v2\/product_tag?post=8905"}],"curies":[{"name":"wp","href":"https:\/\/api.w.org\/{rel}","templated":true}]}}