{"id":8999,"date":"2024-09-28T16:21:13","date_gmt":"2024-09-28T13:21:13","guid":{"rendered":"https:\/\/zetaskimya.com.tr\/?post_type=product&#038;p=8999"},"modified":"2026-05-01T07:22:28","modified_gmt":"2026-05-01T04:22:28","slug":"caritas-paslanmaz-soguk-su-sebili","status":"publish","type":"product","link":"https:\/\/zetaskimya.com.tr\/index.php\/product\/caritas-paslanmaz-soguk-su-sebili\/","title":{"rendered":"Caritas Paslanmaz So\u011fuk Su Sebili"},"content":{"rendered":"<div class=\"col-sm-6 col-xs-12\">\n<p><b>Caritas Paslanmaz So\u011fuk Su Sebili<\/b><\/p>\n<ul>\n<li>10&#8243; \u015eeffaf Housing ( \u00c7ift O-Ring )<\/li>\n<li>10&#8243; Beyaz Mat Housing ( \u00c7ift O-Ring )<\/li>\n<li>10&#8243; 5 Mikron Spun ( Sediment ) Filtre<\/li>\n<li>10&#8243; GAC Karbon Kartu\u015f Filtre ( CTO )<\/li>\n<li>10&#8243; Inline Coconat Post Karbon Filtre<\/li>\n<li>Pompa<\/li>\n<li>Paslanmaz G\u00f6vde<\/li>\n<li>48 Litre So\u011fuk Su Hacmi<\/li>\n<\/ul>\n<\/div>\n<div class=\"visible-xs\"><\/div>\n<p><b>Caritas Paslanmaz So\u011fuk Su Sebili Pompal\u0131 ( 75 GPD )<\/b><\/p>\n<ul>\n<li>\u00dcretim Kapasitesi: 150 Lt\/g\u00fcn<\/li>\n<li>80 GPD Membran<\/li>\n<\/ul>\n<p><b>Caritas Paslanmaz So\u011fuk Su Sebili Pompal\u0131 ( 300 GPD )<\/b><\/p>\n<ul>\n<li>\u00dcretim Kapasitesi: 1000 Lt\/g\u00fcn<\/li>\n<li>300 GPD Membran<\/li>\n<li>Manometre ( Bar )<\/li>\n<\/ul>\n","protected":false},"excerpt":{"rendered":"<p>Caritas Paslanmaz So\u011fuk Su Sebili 10&#8243; \u015eeffaf Housing ( \u00c7ift O-Ring ) 10&#8243; Beyaz Mat Housing ( \u00c7ift O-Ring ) 10&#8243; 5 Mikron Spun ( Sediment ) Filtre 10&#8243; GAC Karbon Kartu\u015f Filtre ( CTO ) 10&#8243; Inline Coconat Post Karbon Filtre Pompa Paslanmaz G\u00f6vde 48 Litre So\u011fuk Su Hacmi Caritas Paslanmaz So\u011fuk Su Sebili &hellip; <a href=\"https:\/\/zetaskimya.com.tr\/index.php\/product\/caritas-paslanmaz-soguk-su-sebili\/\" class=\"more-link\">Continue reading <span class=\"screen-reader-text\">Caritas Paslanmaz So\u011fuk Su Sebili<\/span><\/a><\/p>\n","protected":false},"featured_media":9016,"comment_status":"open","ping_status":"closed","template":"","meta":[],"product_cat":[176,175,151],"product_tag":[183],"class_list":{"0":"post-8999","1":"product","2":"type-product","3":"status-publish","4":"has-post-thumbnail","6":"product_cat-aritmali-su-sebili","7":"product_cat-cihazlar","8":"product_cat-ev-tipi-su-aritma","9":"product_tag-aritmali-su-sebili","10":"pa_gpd-300-gpd","11":"pa_gpd-75-gpd","12":"pa_ozellik-pompali","15":"instock","16":"shipping-taxable","17":"purchasable","18":"product-type-variable"},"jetpack_sharing_enabled":true,"_links":{"self":[{"href":"https:\/\/zetaskimya.com.tr\/index.php\/wp-json\/wp\/v2\/product\/8999","targetHints":{"allow":["GET"]}}],"collection":[{"href":"https:\/\/zetaskimya.com.tr\/index.php\/wp-json\/wp\/v2\/product"}],"about":[{"href":"https:\/\/zetaskimya.com.tr\/index.php\/wp-json\/wp\/v2\/types\/product"}],"replies":[{"embeddable":true,"href":"https:\/\/zetaskimya.com.tr\/index.php\/wp-json\/wp\/v2\/comments?post=8999"}],"version-history":[{"count":0,"href":"https:\/\/zetaskimya.com.tr\/index.php\/wp-json\/wp\/v2\/product\/8999\/revisions"}],"wp:featuredmedia":[{"embeddable":true,"href":"https:\/\/zetaskimya.com.tr\/index.php\/wp-json\/wp\/v2\/media\/9016"}],"wp:attachment":[{"href":"https:\/\/zetaskimya.com.tr\/index.php\/wp-json\/wp\/v2\/media?parent=8999"}],"wp:term":[{"taxonomy":"product_cat","embeddable":true,"href":"https:\/\/zetaskimya.com.tr\/index.php\/wp-json\/wp\/v2\/product_cat?post=8999"},{"taxonomy":"product_tag","embeddable":true,"href":"https:\/\/zetaskimya.com.tr\/index.php\/wp-json\/wp\/v2\/product_tag?post=8999"}],"curies":[{"name":"wp","href":"https:\/\/api.w.org\/{rel}","templated":true}]}}