{"id":9003,"date":"2024-09-28T16:21:18","date_gmt":"2024-09-28T13:21:18","guid":{"rendered":"https:\/\/zetaskimya.com.tr\/?post_type=product&#038;p=9003"},"modified":"2024-09-28T16:21:31","modified_gmt":"2024-09-28T13:21:31","slug":"demir-mangan-arsenik-filtre-sistemleri","status":"publish","type":"product","link":"https:\/\/zetaskimya.com.tr\/index.php\/product\/demir-mangan-arsenik-filtre-sistemleri\/","title":{"rendered":"Demir &#8211; Mangan &#8211; Arsenik Filtre Sistemleri"},"content":{"rendered":"<div class=\"col-sm-6 col-xs-12\" style=\"width: 560.263px;\">\n<p><b>Standart \u00d6zellikler ( Manual Valf )<\/b><\/p>\n<ul>\n<li>WCY marka FRP tankl\u0131<\/li>\n<li>Dolomit ( Juraperle ) minerali<\/li>\n<li>Maksimum \u00e7al\u0131\u015fma bas\u0131nc\u0131 6 bar<\/li>\n<li>2&#8243; manuel valf<\/li>\n<li>Alt toplama yap\u0131s\u0131 ahtapot dif\u00fcz\u00f6r<\/li>\n<\/ul>\n<\/div>\n<div class=\"col-sm-6 col-xs-12\" style=\"width: 560.263px;\">\n<p><b>Standart \u00d6zellikler ( Y\u00fczey Borulama )<\/b><\/p>\n<ul>\n<li>WCY marka FRP tankl\u0131<\/li>\n<li>Dolomit ( Juraperle ) minerali<\/li>\n<li>Maksimum \u00e7al\u0131\u015fma bas\u0131nc\u0131 6 bar<\/li>\n<li>Manuel kelebek veya k\u00fcresel vanalar<\/li>\n<li>Alt toplama yap\u0131s\u0131 ahtapot dif\u00fcz\u00f6r<\/li>\n<li>PVC-U malzeme y\u00fczey borulama ( Epoksi boylal\u0131 \u015fase y\u00fczey )<\/li>\n<li>Sistem giri\u015f \u00e7\u0131k\u0131\u015flar\u0131nda numune musluklar\u0131 ve manometreler<\/li>\n<\/ul>\n<p><b>\u00a0<\/b><\/p>\n<\/div>\n<div class=\"col-sm-6 col-xs-12\" style=\"width: 560.263px;\">\n<p>&nbsp;<\/p>\n<p>Juraperle kalsiyum karbonat i\u00e7eri\u011fi olan minerali hassas gran\u00fcld\u00fcr. ( n\u00f6tralite )<\/p>\n<\/div>\n<div class=\"col-sm-6 col-xs-12\" style=\"width: 560.263px;\">\n<p>Asidik sular\u0131n pH&#8217;n\u0131n y\u00fckseltilmesi ve az miktar limitli demirin al\u0131nmas\u0131 i\u00e7in kullan\u0131l\u0131r. Suyun mineral ile konta\u011f\u0131 esnas\u0131nda serbest karbondioksit al\u0131n\u0131r ve \u00e7\u00f6z\u00fcnen kalsiyum sertli\u011fin artmas\u0131na sebep verebilir. Bu arada filtre g\u00f6revi de g\u00f6r\u00fcr. Belirli bir zaman sonra mineral t\u00fckenir ve eklenmesi gerekir.<\/p>\n<p>Sistemin ihtiyac\u0131 olan mineral miktar\u0131n\u0131n %50&#8217;si mutlaka 6 veya 12 ay s\u00fcresince sistem i\u00e7inde rezerv edilmi\u015f olmal\u0131d\u0131r. Tank\u0131n rahat doldurulmas\u0131 i\u00e7in alt veya \u00fcst ba\u011flant\u0131 olmas\u0131 tercih edilebilir.<\/p>\n<\/div>\n<p style=\"text-align: center;\"><b>Mangan &#8211; Demir Filtrasyonu<\/b><\/p>\n<p>Demir ve mangan i\u00e7eren sular\u0131n tad\u0131 ho\u015f olmaz ve suya bulan\u0131kl\u0131l\u0131k verir. Yer alt\u0131 sular\u0131nda demir tuzlar\u0131 fazla miktarda bulunur. Bu \u015fekilde suyun ho\u015f olmayan g\u00f6r\u00fcnt\u00fcs\u00fcn\u00fcn yan\u0131nda ayr\u0131ca \u00e7ama\u015f\u0131rlar\u0131n sararmas\u0131na da neden olmaktad\u0131r. Bu t\u00fcr sular\u0131n ar\u0131t\u0131lmas\u0131 Green Sand ( Ye\u015fil Kum ) olarak bilinen do\u011fal \u00fcr\u00fcnden olu\u015fmu\u015f s\u00fczme ve okside i\u00e7in haz\u0131rlanm\u0131\u015f kimyasald\u0131r. Green Sand do\u011fal sularda bulunan F ( demir ), Manganez ( Mn ) ve Hidrojen S\u00fclf\u00fcr (\u00a0<span style=\"font-family: Arial, sans-serif; font-size: 9pt;\">H<\/span><sup style=\"font-family: Arial, sans-serif;\">2<\/sup><span style=\"font-family: Arial, sans-serif; font-size: 9pt;\">S ) gidermek i\u00e7in yayg\u0131n bir \u015fekilde kullan\u0131l\u0131r. Sularda demir i\u00e7eri\u011fi 0.2 ppm &#8216;i, manganez i\u00e7eri\u011fi de 0.05 ppm &#8216;i ge\u00e7memelidir. Demir ve mangan filtrelerinin temel \u00e7al\u0131\u015fma sistemi, Valfleri Multimedia Filtreler gibidir.<\/span><\/p>\n","protected":false},"excerpt":{"rendered":"<p>Standart \u00d6zellikler ( Manual Valf ) WCY marka FRP tankl\u0131 Dolomit ( Juraperle ) minerali Maksimum \u00e7al\u0131\u015fma bas\u0131nc\u0131 6 bar 2&#8243; manuel valf Alt toplama yap\u0131s\u0131 ahtapot dif\u00fcz\u00f6r Standart \u00d6zellikler ( Y\u00fczey Borulama ) WCY marka FRP tankl\u0131 Dolomit ( Juraperle ) minerali Maksimum \u00e7al\u0131\u015fma bas\u0131nc\u0131 6 bar Manuel kelebek veya k\u00fcresel vanalar Alt toplama &hellip; <a href=\"https:\/\/zetaskimya.com.tr\/index.php\/product\/demir-mangan-arsenik-filtre-sistemleri\/\" class=\"more-link\">Continue reading <span class=\"screen-reader-text\">Demir &#8211; Mangan &#8211; Arsenik Filtre Sistemleri<\/span><\/a><\/p>\n","protected":false},"featured_media":9021,"comment_status":"open","ping_status":"closed","template":"","meta":[],"product_cat":[191,171],"product_tag":[],"class_list":{"0":"post-9003","1":"product","2":"type-product","3":"status-publish","4":"has-post-thumbnail","6":"product_cat-filtrasyon-sistemleri","7":"product_cat-sanayi-tipi-su-aritma","10":"instock","11":"shipping-taxable","12":"purchasable","13":"product-type-simple"},"jetpack_sharing_enabled":true,"_links":{"self":[{"href":"https:\/\/zetaskimya.com.tr\/index.php\/wp-json\/wp\/v2\/product\/9003","targetHints":{"allow":["GET"]}}],"collection":[{"href":"https:\/\/zetaskimya.com.tr\/index.php\/wp-json\/wp\/v2\/product"}],"about":[{"href":"https:\/\/zetaskimya.com.tr\/index.php\/wp-json\/wp\/v2\/types\/product"}],"replies":[{"embeddable":true,"href":"https:\/\/zetaskimya.com.tr\/index.php\/wp-json\/wp\/v2\/comments?post=9003"}],"version-history":[{"count":0,"href":"https:\/\/zetaskimya.com.tr\/index.php\/wp-json\/wp\/v2\/product\/9003\/revisions"}],"wp:featuredmedia":[{"embeddable":true,"href":"https:\/\/zetaskimya.com.tr\/index.php\/wp-json\/wp\/v2\/media\/9021"}],"wp:attachment":[{"href":"https:\/\/zetaskimya.com.tr\/index.php\/wp-json\/wp\/v2\/media?parent=9003"}],"wp:term":[{"taxonomy":"product_cat","embeddable":true,"href":"https:\/\/zetaskimya.com.tr\/index.php\/wp-json\/wp\/v2\/product_cat?post=9003"},{"taxonomy":"product_tag","embeddable":true,"href":"https:\/\/zetaskimya.com.tr\/index.php\/wp-json\/wp\/v2\/product_tag?post=9003"}],"curies":[{"name":"wp","href":"https:\/\/api.w.org\/{rel}","templated":true}]}}