{"id":9041,"date":"2024-09-28T16:21:37","date_gmt":"2024-09-28T13:21:37","guid":{"rendered":"https:\/\/zetaskimya.com.tr\/?post_type=product&#038;p=9041"},"modified":"2024-09-28T16:21:53","modified_gmt":"2024-09-28T13:21:53","slug":"epoksi-boyali-aktif-karbon-filtre-sistemleri","status":"publish","type":"product","link":"https:\/\/zetaskimya.com.tr\/index.php\/product\/epoksi-boyali-aktif-karbon-filtre-sistemleri\/","title":{"rendered":"Epoksi Boyal\u0131 Aktif Karbon Filtre Sistemleri"},"content":{"rendered":"<table>\n<tbody>\n<tr>\n<td>Quartz (kg)<\/td>\n<td>Karbon (kg)<\/td>\n<td>\u00a0H\u0131z = 30m\/saat<\/td>\n<td>H\u0131z = 20m\/saat<\/td>\n<td>\u00a0Ba\u011flant\u0131 \u00c7aplar\u0131 (DN) Servis-Dranaj<\/td>\n<td>\u00a0Tank Boyutlar\u0131 (mm)<\/td>\n<\/tr>\n<tr>\n<td>\u00a0700<\/td>\n<td>\u00a0475<\/td>\n<td>\u00a037<\/td>\n<td>\u00a025<\/td>\n<td style=\"text-align: left;\">\u00a065-65<\/td>\n<td>\u00a01250*2790<\/td>\n<\/tr>\n<tr>\n<td>\u00a01150<\/td>\n<td>\u00a0850<\/td>\n<td>\u00a060<\/td>\n<td>\u00a040<\/td>\n<td>\u00a080-80<\/td>\n<td>\u00a01600*3020<\/td>\n<\/tr>\n<tr>\n<td>\u00a0500<\/td>\n<td>\u00a01325<\/td>\n<td>\u00a094<\/td>\n<td>\u00a063<\/td>\n<td>\u00a0100-100<\/td>\n<td>\u00a02000*3250<\/td>\n<\/tr>\n<tr>\n<td>\u00a0725<\/td>\n<td>\u00a01900<\/td>\n<td>\u00a0136<\/td>\n<td>\u00a091<\/td>\n<td>\u00a0125-125<\/td>\n<td>\u00a02400*3400<\/td>\n<\/tr>\n<tr>\n<td>\u00a0975<\/td>\n<td>\u00a02600<\/td>\n<td>\u00a0185<\/td>\n<td>\u00a0123<\/td>\n<td>\u00a0150-150<\/td>\n<td>\u00a02800*3750<\/td>\n<\/tr>\n<\/tbody>\n<\/table>\n<p><!-- DivTable.com --><br \/>\n<b>Epoksi Boyal\u0131 ST-37 Tankl\u0131 Y\u00fczey Borulamal\u0131<\/b><\/p>\n<p><b>Standart \u00d6zellikleri<\/b><\/p>\n<ul>\n<li>Epoksi boyal\u0131 karbon \u00e7elik tankl\u0131<\/li>\n<li>Aqualine marka k\u00f6m\u00fcr bazl\u0131 aktif karbon<\/li>\n<li>Maksimum \u00e7al\u0131\u015fma bas\u0131nc\u0131 6 bar<\/li>\n<li>Zaman kontroll\u00fc ters y\u0131kama<\/li>\n<li>Elektrik akt\u00fcat\u00f6rl\u00fc kelebek vanalar ( Ph\u00f6matik akt\u00fcat\u00f6rl\u00fc olmas\u0131 durumunda fiyat fark\u0131 yoktur )<\/li>\n<li>C-1215 ve C-1615 alt toplama yap\u0131s\u0131 ahtapot dif\u00fcz\u00f6r<\/li>\n<li>C-2015 ile C-2815 aras\u0131 alt toplama yap\u0131s\u0131 ayna \u00fczeri mantar dif\u00fcz\u00f6r<\/li>\n<li>PVC-U malzeme y\u00fczey borulama ( Opsiyonel galvaniz y\u00fczey borulama se\u00e7ene\u011fi )<\/li>\n<li>Sistem giri\u015f \u00e7\u0131k\u0131\u015flar\u0131nda numune musluklar\u0131 ve manometreler<\/li>\n<li>Elektronik kartl\u0131 kontrol panosu<\/li>\n<li>Elektrik 220V \/ 50 Hz \/ 1 pH<\/li>\n<li>Pn\u00f6matik vanalar\u0131n \u00e7al\u0131\u015fmas\u0131 i\u00e7in gerekli kuru enstr\u00fcman havas\u0131 temini m\u00fc\u015fteriye aittir. \u00d6nerilen kompres\u00f6r kapasitesi minimum 100 Lt\/dk 8 bar&#8217;d\u0131r<\/li>\n<\/ul>\n","protected":false},"excerpt":{"rendered":"<p>Quartz (kg) Karbon (kg) \u00a0H\u0131z = 30m\/saat H\u0131z = 20m\/saat \u00a0Ba\u011flant\u0131 \u00c7aplar\u0131 (DN) Servis-Dranaj \u00a0Tank Boyutlar\u0131 (mm) \u00a0700 \u00a0475 \u00a037 \u00a025 \u00a065-65 \u00a01250*2790 \u00a01150 \u00a0850 \u00a060 \u00a040 \u00a080-80 \u00a01600*3020 \u00a0500 \u00a01325 \u00a094 \u00a063 \u00a0100-100 \u00a02000*3250 \u00a0725 \u00a01900 \u00a0136 \u00a091 \u00a0125-125 \u00a02400*3400 \u00a0975 \u00a02600 \u00a0185 \u00a0123 \u00a0150-150 \u00a02800*3750 Epoksi Boyal\u0131 ST-37 Tankl\u0131 Y\u00fczey Borulamal\u0131 Standart \u00d6zellikleri &hellip; <a href=\"https:\/\/zetaskimya.com.tr\/index.php\/product\/epoksi-boyali-aktif-karbon-filtre-sistemleri\/\" class=\"more-link\">Continue reading <span class=\"screen-reader-text\">Epoksi Boyal\u0131 Aktif Karbon Filtre Sistemleri<\/span><\/a><\/p>\n","protected":false},"featured_media":9074,"comment_status":"open","ping_status":"closed","template":"","meta":[],"product_cat":[204,191,171],"product_tag":[205],"class_list":{"0":"post-9041","1":"product","2":"type-product","3":"status-publish","4":"has-post-thumbnail","6":"product_cat-aktif-karbon-filtre-sistemleri","7":"product_cat-filtrasyon-sistemleri","8":"product_cat-sanayi-tipi-su-aritma","9":"product_tag-filtrasyon-sistemleri","12":"instock","13":"shipping-taxable","14":"purchasable","15":"product-type-simple"},"jetpack_sharing_enabled":true,"_links":{"self":[{"href":"https:\/\/zetaskimya.com.tr\/index.php\/wp-json\/wp\/v2\/product\/9041","targetHints":{"allow":["GET"]}}],"collection":[{"href":"https:\/\/zetaskimya.com.tr\/index.php\/wp-json\/wp\/v2\/product"}],"about":[{"href":"https:\/\/zetaskimya.com.tr\/index.php\/wp-json\/wp\/v2\/types\/product"}],"replies":[{"embeddable":true,"href":"https:\/\/zetaskimya.com.tr\/index.php\/wp-json\/wp\/v2\/comments?post=9041"}],"version-history":[{"count":0,"href":"https:\/\/zetaskimya.com.tr\/index.php\/wp-json\/wp\/v2\/product\/9041\/revisions"}],"wp:featuredmedia":[{"embeddable":true,"href":"https:\/\/zetaskimya.com.tr\/index.php\/wp-json\/wp\/v2\/media\/9074"}],"wp:attachment":[{"href":"https:\/\/zetaskimya.com.tr\/index.php\/wp-json\/wp\/v2\/media?parent=9041"}],"wp:term":[{"taxonomy":"product_cat","embeddable":true,"href":"https:\/\/zetaskimya.com.tr\/index.php\/wp-json\/wp\/v2\/product_cat?post=9041"},{"taxonomy":"product_tag","embeddable":true,"href":"https:\/\/zetaskimya.com.tr\/index.php\/wp-json\/wp\/v2\/product_tag?post=9041"}],"curies":[{"name":"wp","href":"https:\/\/api.w.org\/{rel}","templated":true}]}}