{"id":9112,"date":"2024-09-28T16:22:07","date_gmt":"2024-09-28T13:22:07","guid":{"rendered":"https:\/\/zetaskimya.com.tr\/?post_type=product&#038;p=9112"},"modified":"2024-09-28T16:22:24","modified_gmt":"2024-09-28T13:22:24","slug":"frp-tankli-kum-filtre-sistemleri","status":"publish","type":"product","link":"https:\/\/zetaskimya.com.tr\/index.php\/product\/frp-tankli-kum-filtre-sistemleri\/","title":{"rendered":"FRP Tankl\u0131 Kum Filtre Sistemleri"},"content":{"rendered":"<table>\n<tbody>\n<tr>\n<td>Antrasit (lt)<\/td>\n<td>Ba\u011flant\u0131 \u00c7aplar\u0131 ( DN-FLAN\u015e) Servis-Drenaj<\/td>\n<td>Quartz (kg)<\/td>\n<td>H\u0131z = 30m\/saat<\/td>\n<td>H\u0131z = 20m\/saat<\/td>\n<td>Tank Boyutlar\u0131 (mm)<\/td>\n<\/tr>\n<tr>\n<td>140<\/td>\n<td>50 &#8211; 50<\/td>\n<td>475<\/td>\n<td>14<\/td>\n<td>9<\/td>\n<td>775*2050<\/td>\n<\/tr>\n<tr>\n<td>140<\/td>\n<td>50 &#8211; 50<\/td>\n<td>650<\/td>\n<td>20<\/td>\n<td>13<\/td>\n<td>975*2150<\/td>\n<\/tr>\n<tr>\n<td>210<\/td>\n<td>65 &#8211; 65<\/td>\n<td>775<\/td>\n<td>27<\/td>\n<td>18<\/td>\n<td>1075*2400<\/td>\n<\/tr>\n<tr>\n<td>315<\/td>\n<td>65 &#8211; 65<\/td>\n<td>1125<\/td>\n<td>35<\/td>\n<td>23<\/td>\n<td>1225*2400<\/td>\n<\/tr>\n<tr>\n<td>560<\/td>\n<td>80 &#8211; 80<\/td>\n<td>2025<\/td>\n<td>60<\/td>\n<td>40<\/td>\n<td>1600*2500<\/td>\n<\/tr>\n<\/tbody>\n<\/table>\n<p><strong>FRP Tankl\u0131 Kum Filtre Sistemleri<\/strong><\/p>\n<p><strong>Y\u00fczey Borulamal\u0131<\/strong><\/p>\n<p><strong>Standart \u00d6zellikler<\/strong><\/p>\n<ul>\n<li>WCY marka FRP tankl\u0131<\/li>\n<li>Maksimum \u00e7al\u0131\u015fma bas\u0131nc\u0131 6 bar<\/li>\n<li>Zaman kontroll\u00fc ters y\u0131kama<\/li>\n<li>Elektrik akt\u00fcat\u00f6rl\u00fc kelebek vanalar ( Ph\u00f6matik akt\u00fcat\u00f6rl\u00fc olmas\u0131 durumunda fiyat fark\u0131 yoktur )<\/li>\n<li>Alt toplama yap\u0131s\u0131 ahtapot dif\u00fcz\u00f6r<\/li>\n<li>PVC-U malzeme y\u00fczey borulama ( Epoksi boyal\u0131 \u015fase )<\/li>\n<li>Sistem giri\u015f \u00e7\u0131k\u0131\u015flar\u0131nda numune musluklar\u0131 ve manometreler<\/li>\n<li>Elektronik kartl\u0131 kontrol panosu<\/li>\n<li>Elektrik 220V \/ 50 Hz \/ 1 pH<\/li>\n<li>Pn\u00f6matik vanalar\u0131n \u00e7al\u0131\u015fmas\u0131 i\u00e7in gerekli kuru enstr\u00fcman havas\u0131 temini m\u00fc\u015fteriye aittir. \u00d6nerilen kompres\u00f6r kapasitesi minimum 100 Lt\/dk 8 bar&#8217;d\u0131r<\/li>\n<\/ul>\n","protected":false},"excerpt":{"rendered":"<p>Antrasit (lt) Ba\u011flant\u0131 \u00c7aplar\u0131 ( DN-FLAN\u015e) Servis-Drenaj Quartz (kg) H\u0131z = 30m\/saat H\u0131z = 20m\/saat Tank Boyutlar\u0131 (mm) 140 50 &#8211; 50 475 14 9 775*2050 140 50 &#8211; 50 650 20 13 975*2150 210 65 &#8211; 65 775 27 18 1075*2400 315 65 &#8211; 65 1125 35 23 1225*2400 560 80 &#8211; 80 2025 &hellip; <a href=\"https:\/\/zetaskimya.com.tr\/index.php\/product\/frp-tankli-kum-filtre-sistemleri\/\" class=\"more-link\">Continue reading <span class=\"screen-reader-text\">FRP Tankl\u0131 Kum Filtre Sistemleri<\/span><\/a><\/p>\n","protected":false},"featured_media":9139,"comment_status":"open","ping_status":"closed","template":"","meta":[],"product_cat":[191,206,171],"product_tag":[],"class_list":{"0":"post-9112","1":"product","2":"type-product","3":"status-publish","4":"has-post-thumbnail","6":"product_cat-filtrasyon-sistemleri","7":"product_cat-kum-filtre-sistemleri","8":"product_cat-sanayi-tipi-su-aritma","11":"instock","12":"shipping-taxable","13":"purchasable","14":"product-type-simple"},"jetpack_sharing_enabled":true,"_links":{"self":[{"href":"https:\/\/zetaskimya.com.tr\/index.php\/wp-json\/wp\/v2\/product\/9112","targetHints":{"allow":["GET"]}}],"collection":[{"href":"https:\/\/zetaskimya.com.tr\/index.php\/wp-json\/wp\/v2\/product"}],"about":[{"href":"https:\/\/zetaskimya.com.tr\/index.php\/wp-json\/wp\/v2\/types\/product"}],"replies":[{"embeddable":true,"href":"https:\/\/zetaskimya.com.tr\/index.php\/wp-json\/wp\/v2\/comments?post=9112"}],"version-history":[{"count":0,"href":"https:\/\/zetaskimya.com.tr\/index.php\/wp-json\/wp\/v2\/product\/9112\/revisions"}],"wp:featuredmedia":[{"embeddable":true,"href":"https:\/\/zetaskimya.com.tr\/index.php\/wp-json\/wp\/v2\/media\/9139"}],"wp:attachment":[{"href":"https:\/\/zetaskimya.com.tr\/index.php\/wp-json\/wp\/v2\/media?parent=9112"}],"wp:term":[{"taxonomy":"product_cat","embeddable":true,"href":"https:\/\/zetaskimya.com.tr\/index.php\/wp-json\/wp\/v2\/product_cat?post=9112"},{"taxonomy":"product_tag","embeddable":true,"href":"https:\/\/zetaskimya.com.tr\/index.php\/wp-json\/wp\/v2\/product_tag?post=9112"}],"curies":[{"name":"wp","href":"https:\/\/api.w.org\/{rel}","templated":true}]}}