{"id":9168,"date":"2024-09-28T16:22:34","date_gmt":"2024-09-28T13:22:34","guid":{"rendered":"https:\/\/zetaskimya.com.tr\/?post_type=product&#038;p=9168"},"modified":"2024-09-28T16:22:49","modified_gmt":"2024-09-28T13:22:49","slug":"hava-dezenfeksiyon-cihazi","status":"publish","type":"product","link":"https:\/\/zetaskimya.com.tr\/index.php\/product\/hava-dezenfeksiyon-cihazi\/","title":{"rendered":"Hava Dezenfeksiyon Cihaz\u0131"},"content":{"rendered":"<div class=\"col-sm-4 col-xs-12\">\n<p><b>Model: <\/b>P3000<\/p>\n<p><b>Kapasite:<\/b> 3000 mg\/saat<\/p>\n<p><b>Etki Alan\u0131:<\/b> Hava 150 m2<\/p>\n<p><b>A\u00e7\u0131klama:\u00a0<\/b>Elektronik kontroll\u00fc, Fan Sirk\u00fclasyonlu, Epoxy Kapl\u0131 \u00c7elik Kasa<\/p>\n<p>&nbsp;<\/p>\n<\/div>\n<div class=\"col-sm-4 col-xs-12\">\n<p><b>Model:<\/b> CP5000<\/p>\n<p><b>Kapasite:<\/b> 5000 mg\/saat<\/p>\n<p><b>Etki Alan\u0131:<\/b> Hava 90 m2<\/p>\n<p><b>A\u00e7\u0131klama: <\/b>Zaman kontroll\u00fc (timer), Fan Sirk\u00fclasyonlu, Epoxy Kapl\u0131 \u00c7elik Kasa<\/p>\n<\/div>\n<div class=\"col-sm-4 col-xs-12\">\n<p><b>Model:<\/b> P6000<\/p>\n<p><b>Kapasite:<\/b> 6000 mg\/saat<\/p>\n<p><b>A\u00e7\u0131klama:<\/b> Elektronik kontroll\u00fc, Fan Sirk\u00fclasyonlu, Epoxy Kapl\u0131 \u00c7elik Kasa<\/p>\n<p>&nbsp;<\/p>\n<\/div>\n","protected":false},"excerpt":{"rendered":"<p>Model: P3000 Kapasite: 3000 mg\/saat Etki Alan\u0131: Hava 150 m2 A\u00e7\u0131klama:\u00a0Elektronik kontroll\u00fc, Fan Sirk\u00fclasyonlu, Epoxy Kapl\u0131 \u00c7elik Kasa &nbsp; Model: CP5000 Kapasite: 5000 mg\/saat Etki Alan\u0131: Hava 90 m2 A\u00e7\u0131klama: Zaman kontroll\u00fc (timer), Fan Sirk\u00fclasyonlu, Epoxy Kapl\u0131 \u00c7elik Kasa Model: P6000 Kapasite: 6000 mg\/saat A\u00e7\u0131klama: Elektronik kontroll\u00fc, Fan Sirk\u00fclasyonlu, Epoxy Kapl\u0131 \u00c7elik Kasa &nbsp;<\/p>\n","protected":false},"featured_media":9178,"comment_status":"open","ping_status":"closed","template":"","meta":[],"product_cat":[175,195,151],"product_tag":[],"class_list":{"0":"post-9168","1":"product","2":"type-product","3":"status-publish","4":"has-post-thumbnail","6":"product_cat-cihazlar","7":"product_cat-dezenfeksiyon-cihazi","8":"product_cat-ev-tipi-su-aritma","9":"pa_govde-epoxy-kapli-celik-kasa","10":"pa_kapasite-mg-saat-589","11":"pa_kapasite-mg-saat-590","12":"pa_kapasite-mg-saat-591","13":"pa_ozellik-programlanabilir-fan-sirkulasyonlu","14":"pa_ozellik-zaman-kontrollu-timer-lokal-cikisli-pompali-difuzor-tasi-ve-baglanti-hortumu-ile-komple","17":"instock","18":"shipping-taxable","19":"purchasable","20":"product-type-variable"},"jetpack_sharing_enabled":true,"_links":{"self":[{"href":"https:\/\/zetaskimya.com.tr\/index.php\/wp-json\/wp\/v2\/product\/9168","targetHints":{"allow":["GET"]}}],"collection":[{"href":"https:\/\/zetaskimya.com.tr\/index.php\/wp-json\/wp\/v2\/product"}],"about":[{"href":"https:\/\/zetaskimya.com.tr\/index.php\/wp-json\/wp\/v2\/types\/product"}],"replies":[{"embeddable":true,"href":"https:\/\/zetaskimya.com.tr\/index.php\/wp-json\/wp\/v2\/comments?post=9168"}],"version-history":[{"count":0,"href":"https:\/\/zetaskimya.com.tr\/index.php\/wp-json\/wp\/v2\/product\/9168\/revisions"}],"wp:featuredmedia":[{"embeddable":true,"href":"https:\/\/zetaskimya.com.tr\/index.php\/wp-json\/wp\/v2\/media\/9178"}],"wp:attachment":[{"href":"https:\/\/zetaskimya.com.tr\/index.php\/wp-json\/wp\/v2\/media?parent=9168"}],"wp:term":[{"taxonomy":"product_cat","embeddable":true,"href":"https:\/\/zetaskimya.com.tr\/index.php\/wp-json\/wp\/v2\/product_cat?post=9168"},{"taxonomy":"product_tag","embeddable":true,"href":"https:\/\/zetaskimya.com.tr\/index.php\/wp-json\/wp\/v2\/product_tag?post=9168"}],"curies":[{"name":"wp","href":"https:\/\/api.w.org\/{rel}","templated":true}]}}