{"id":9236,"date":"2024-09-28T16:23:26","date_gmt":"2024-09-28T13:23:26","guid":{"rendered":"https:\/\/zetaskimya.com.tr\/?post_type=product&#038;p=9236"},"modified":"2024-09-28T16:23:52","modified_gmt":"2024-09-28T13:23:52","slug":"jammy-tiger-5-asamali-su-aritma-cihazi","status":"publish","type":"product","link":"https:\/\/zetaskimya.com.tr\/index.php\/product\/jammy-tiger-5-asamali-su-aritma-cihazi\/","title":{"rendered":"Jammy Tiger 5 A\u015famal\u0131 Su Ar\u0131tma Cihaz\u0131"},"content":{"rendered":"<div class=\"col-sm-6 col-xs-12\">\n<p><b>Jammy Tiger 5 A\u015famal\u0131 Pompal\u0131 Su Ar\u0131tma Cihaz\u0131<\/b><\/p>\n<ul>\n<li>12&#8243; Inline 5 Mikron Spun ( Sediment ) Filtre<\/li>\n<li>12&#8243; Inline GAC Karbon Filtre ( UDF )<\/li>\n<li>12&#8243; Inline Blok Karbon Filtre ( CTO )<\/li>\n<li>10&#8243; Inline Coconat Post Karbon Filtre<\/li>\n<li>80 GPD Membran<\/li>\n<li>2.2 Galon Metal Bas\u0131n\u00e7 Denge Tank\u0131<\/li>\n<li>L\u00fcks Musluk<\/li>\n<li>60 PSI Bas\u0131n\u00e7 D\u00fc\u015f\u00fcr\u00fcc\u00fc<\/li>\n<li>24V Pompa<\/li>\n<\/ul>\n<\/div>\n<div class=\"visible-xs\"><\/div>\n<p><b>Jammy Tiger 5 A\u015famal\u0131 Pompal\u0131 Su Ar\u0131tma Cihaz\u0131<\/b><\/p>\n<ul>\n<li>12&#8243; Inline 5 Mikron Spun ( Sediment ) Filtre<\/li>\n<li>12&#8243; Inline GAC Karbon Filtre ( UDF )<\/li>\n<li>12&#8243; Inline Blok Karbon Filtre ( CTO )<\/li>\n<li>10&#8243; Inline Coconat Post Karbon Filtre<\/li>\n<li>80 GPD Membran<\/li>\n<li>2.2 Galon Metal Bas\u0131n\u00e7 Denge Tank\u0131<\/li>\n<li>L\u00fcks Musluk<\/li>\n<li>60 PSI Bas\u0131n\u00e7 D\u00fc\u015f\u00fcr\u00fcc\u00fc<\/li>\n<\/ul>\n","protected":false},"excerpt":{"rendered":"<p>Jammy Tiger 5 A\u015famal\u0131 Pompal\u0131 Su Ar\u0131tma Cihaz\u0131 12&#8243; Inline 5 Mikron Spun ( Sediment ) Filtre 12&#8243; Inline GAC Karbon Filtre ( UDF ) 12&#8243; Inline Blok Karbon Filtre ( CTO ) 10&#8243; Inline Coconat Post Karbon Filtre 80 GPD Membran 2.2 Galon Metal Bas\u0131n\u00e7 Denge Tank\u0131 L\u00fcks Musluk 60 PSI Bas\u0131n\u00e7 D\u00fc\u015f\u00fcr\u00fcc\u00fc 24V &hellip; <a href=\"https:\/\/zetaskimya.com.tr\/index.php\/product\/jammy-tiger-5-asamali-su-aritma-cihazi\/\" class=\"more-link\">Continue reading <span class=\"screen-reader-text\">Jammy Tiger 5 A\u015famal\u0131 Su Ar\u0131tma Cihaz\u0131<\/span><\/a><\/p>\n","protected":false},"featured_media":9266,"comment_status":"open","ping_status":"closed","template":"","meta":[],"product_cat":[175,151,208],"product_tag":[],"class_list":{"0":"post-9236","1":"product","2":"type-product","3":"status-publish","4":"has-post-thumbnail","6":"product_cat-cihazlar","7":"product_cat-ev-tipi-su-aritma","8":"product_cat-kapali-kasa-su-aritma","9":"pa_ozellik-pompali","10":"pa_ozellik-pompasiz","13":"instock","14":"shipping-taxable","15":"purchasable","16":"product-type-variable"},"jetpack_sharing_enabled":true,"_links":{"self":[{"href":"https:\/\/zetaskimya.com.tr\/index.php\/wp-json\/wp\/v2\/product\/9236","targetHints":{"allow":["GET"]}}],"collection":[{"href":"https:\/\/zetaskimya.com.tr\/index.php\/wp-json\/wp\/v2\/product"}],"about":[{"href":"https:\/\/zetaskimya.com.tr\/index.php\/wp-json\/wp\/v2\/types\/product"}],"replies":[{"embeddable":true,"href":"https:\/\/zetaskimya.com.tr\/index.php\/wp-json\/wp\/v2\/comments?post=9236"}],"version-history":[{"count":0,"href":"https:\/\/zetaskimya.com.tr\/index.php\/wp-json\/wp\/v2\/product\/9236\/revisions"}],"wp:featuredmedia":[{"embeddable":true,"href":"https:\/\/zetaskimya.com.tr\/index.php\/wp-json\/wp\/v2\/media\/9266"}],"wp:attachment":[{"href":"https:\/\/zetaskimya.com.tr\/index.php\/wp-json\/wp\/v2\/media?parent=9236"}],"wp:term":[{"taxonomy":"product_cat","embeddable":true,"href":"https:\/\/zetaskimya.com.tr\/index.php\/wp-json\/wp\/v2\/product_cat?post=9236"},{"taxonomy":"product_tag","embeddable":true,"href":"https:\/\/zetaskimya.com.tr\/index.php\/wp-json\/wp\/v2\/product_tag?post=9236"}],"curies":[{"name":"wp","href":"https:\/\/api.w.org\/{rel}","templated":true}]}}