{"id":9251,"date":"2024-09-28T16:23:28","date_gmt":"2024-09-28T13:23:28","guid":{"rendered":"https:\/\/zetaskimya.com.tr\/?post_type=product&#038;p=9251"},"modified":"2024-09-28T16:23:45","modified_gmt":"2024-09-28T13:23:45","slug":"mbbr-sistemleri","status":"publish","type":"product","link":"https:\/\/zetaskimya.com.tr\/index.php\/product\/mbbr-sistemleri\/","title":{"rendered":"MBBR Sistemleri"},"content":{"rendered":"<p><b>MBBR Sistemi<\/b><\/p>\n<p>At\u0131k suyun en iyi \u015fekilde de\u011ferlendirilmesi i\u00e7in kullan\u0131lan teknolojik sistemler aras\u0131nda MBBR Sistemi Nedir? Sorusuna yan\u0131t arayabilirsiniz. Birbirinden farkl\u0131 kaynaklardan iletilen sular\u0131n temizlenmesi ve ar\u0131t\u0131lmas\u0131nda etkili sonu\u00e7lar\u0131 elde etmenize olanak verilmektedir. Hareketli Yatakl\u0131 Biyo-Reakt\u00f6r olan (MBBR) ile olu\u015fturulan alanlar\u0131n geni\u015f bir y\u00fczeye sahip olduklar\u0131 g\u00f6r\u00fclmektedir. \u00d6zel biyo-k\u00fctle ta\u015f\u0131y\u0131c\u0131s\u0131n\u0131n kullan\u0131lmas\u0131na uygun olarak tasarlanan sistemler hakk\u0131nda bilgi sahibi olabilirsiniz. Tesis kapasitesinin art\u0131r\u0131lmas\u0131nda ilave tanklara gereksinim duyulmayacak bu sistem ile \u00f6nemli avantajlar elde edilecektir.<\/p>\n<p><b>MBBR Sistemi Ama\u00e7lar\u0131 Nelerdir?<\/b><\/p>\n<p>Yeni bir tesis kurulmas\u0131 a\u015famas\u0131nda maliyetleri d\u00fc\u015f\u00fcren esnek yap\u0131s\u0131 ile MBBR sistemi tercih edilmektedir. Evsel veya end\u00fcstriyel alanlarda kullan\u0131larak \u00f6nemli hedefleri sa\u011flamaktad\u0131r. Azot ve fosfor giderimi sa\u011flayan MBBR Sistemi Nedir? Sorusunun yan\u0131t\u0131n\u0131 uzmanlardan alman\u0131z gerekmektedir.<\/p>\n<p><b>MBBR Sistemi Alanlar\u0131 Nelerdir?<\/b><\/p>\n<p>\u00c7\u0131k\u0131\u015f suyunda y\u00fcksek kalite verimini elde etmek isteyen alanlar\u0131n tercihi MBBR sistemi olacakt\u0131r. B\u00f6ylece at\u0131k su ar\u0131tma tesislerine y\u00f6nelik kapasite art\u0131\u015flar\u0131n\u0131n oldu\u011fu g\u00f6zlemlenecektir. Di\u011fer yandan ise end\u00fcstriyel at\u0131k su ar\u0131t\u0131m\u0131 yap\u0131lacak tesisler i\u00e7in \u00f6nemli sistemleri bar\u0131nd\u0131rmaktad\u0131r. At\u0131k su ar\u0131tma sistemlerine y\u00f6nelik en avantajl\u0131 \u00e7\u00f6z\u00fcmler aras\u0131nda yer al\u0131r. Maliyet y\u00f6n\u00fcnden avantaj elde etmek isteyen tesislerin uygulama alanlar\u0131nda etkileyici sonu\u00e7lar\u0131 sa\u011flamaktad\u0131r.<\/p>\n<p><b>MBBR Sistemi Faydalar\u0131 Nelerdir?<\/b><\/p>\n<p>Aktif \u00e7amur sistemlerine g\u00f6re daha y\u00fcksek kat\u0131 al\u0131konma s\u00fcresine sahip olan hareketli yatak biyofilm reakt\u00f6rlerde pek \u00e7ok risk d\u00fc\u015f\u00fck seviyelere indirgenmektedir. Biyok\u00fctlenin kaybedilme riskini azaltan MBBR Sistemi Nedir? Hangi avantajlar\u0131 sa\u011flar? Sorular\u0131na yan\u0131t bulman\u0131z\u0131 sa\u011fl\u0131yoruz. Hareketli yatak biyofilm reakt\u00f6rlerde (MBBR) ile yava\u015f bi\u00e7imde b\u00fcy\u00fcyen mikroorganizmalar\u0131n geli\u015fimi i\u00e7in uygun ortamlar sa\u011flanmaktad\u0131r. Tesis kapasitesinin yakla\u015f\u0131k 2 kat\u0131na y\u00fckselmesini sa\u011flayan bu teknoloji ile daha iyi performans elde edilmektedir. Di\u011fer avantajlar\u0131 aras\u0131nda:<\/p>\n<ul>\n<li>Konvansiyonel sistemlere g\u00f6re daha az yere ihtiya\u00e7 duyulmas\u0131,<\/li>\n<li>Daha d\u00fc\u015f\u00fck \u00e7amur olu\u015fuma sahip olmas\u0131,<\/li>\n<li>Arazi sorunu ya\u015fanan yerler i\u00e7in uygun sistemler olmas\u0131,<\/li>\n<li>Y\u00fczey alan\u0131 art\u0131r\u0131labilen bu sistemler ile k\u00fc\u00e7\u00fck hacimde ar\u0131t\u0131lmalar\u0131n ger\u00e7ekle\u015ftirilmesi,<\/li>\n<li>Daha y\u00fcksek kalitede su veriminin sa\u011flanmas\u0131,<\/li>\n<li>Mevcut sistemlerin daha verimli \u00e7al\u0131\u015fmas\u0131 yer almaktad\u0131r.<\/li>\n<\/ul>\n<p><b>MBBR ve MBR Sistemi Aras\u0131ndaki Farklar Nelerdir?<\/b><\/p>\n<p>&nbsp;<\/p>\n<p>Kaliteli personellerle ger\u00e7ekle\u015ftirilmesi gereken MBBR sistemi i\u00e7in dikkat edilmesi gereken hususlar bulunmaktad\u0131r. MBBR ve MBR sistemleri aras\u0131ndaki farklar\u0131 inceledi\u011finizde hangisinin daha uygun ve az maliyetli oldu\u011funu g\u00f6rebilirsiniz. Kolayl\u0131kla kullan\u0131lan sistemlerde at\u0131k suyun daha verimli \u015fekilde elde edilece\u011fini g\u00f6rebilirsiniz. MBBR prosesinde ters y\u0131kama veya geri devir \u00e7amuru ak\u0131\u015flar\u0131na gerek duyulmayaca\u011f\u0131n\u0131 vurgularken, MBR i\u00e7in sistemlerin \u00e7al\u0131\u015fma \u015fartlar\u0131nda nelere dikkat edilece\u011fini aktar\u0131yoruz. Pratik ve avantajl\u0131 uygulamalar\u0131 kapsayan MBBR ile ilgili e\u011fitimleri kaliteli bir \u015fekilde alabilirsiniz. B\u00f6ylelikle molek\u00fcler d\u00fczeyde daha kaliteli ve verimli sonu\u00e7lar sizi bekliyor olacakt\u0131r. Az bak\u0131m gerektiren MBBR sistemi kendi kendisini idare etmektedir. MBR sistemi ile aras\u0131ndaki farklar ise \u015fu \u015fekildedir:<\/p>\n<ul>\n<li>MBBR sistemi, MBR sistemine g\u00f6re daha az yat\u0131r\u0131m maliyetini gerektirmektedir.<\/li>\n<li>MBBR sisteminde, MBR&#8217;ye g\u00f6re Giri\u015f AKM de\u011ferinin d\u00fc\u015f\u00fck olmas\u0131na dikkat edilmektedir.<\/li>\n<li>MBBR sisteminde di\u011fer sisteme g\u00f6re \u00e7al\u0131\u015fmas\u0131 i\u00e7in herhangi bir kimyasal kullanman\u0131za gerek kalmamaktad\u0131r.<\/li>\n<li>MBBR proses i\u015fletmesi, di\u011fer sisteme g\u00f6re \u00e7ok daha basittir.<\/li>\n<li>MBBR &#8216;nin MBR &#8216;ye g\u00f6re toksik maddelerin giderilmesinde geri planda kald\u0131\u011f\u0131 bilinmektedir.<\/li>\n<li>MBR ile daha kaliteli ar\u0131t\u0131lm\u0131\u015f su elde edilmektedir.<\/li>\n<li>MBBR sistemi ile elde edilecek at\u0131k su bah\u00e7e sulama alan\u0131nda kullan\u0131lmaktad\u0131r.<\/li>\n<li>Her iki sistemin de \u00e7al\u0131\u015fabilmesi i\u00e7in blower ihtiyac\u0131 bulunmaktad\u0131r.<\/li>\n<\/ul>\n<div><\/div>\n","protected":false},"excerpt":{"rendered":"<p>MBBR Sistemi At\u0131k suyun en iyi \u015fekilde de\u011ferlendirilmesi i\u00e7in kullan\u0131lan teknolojik sistemler aras\u0131nda MBBR Sistemi Nedir? Sorusuna yan\u0131t arayabilirsiniz. Birbirinden farkl\u0131 kaynaklardan iletilen sular\u0131n temizlenmesi ve ar\u0131t\u0131lmas\u0131nda etkili sonu\u00e7lar\u0131 elde etmenize olanak verilmektedir. Hareketli Yatakl\u0131 Biyo-Reakt\u00f6r olan (MBBR) ile olu\u015fturulan alanlar\u0131n geni\u015f bir y\u00fczeye sahip olduklar\u0131 g\u00f6r\u00fclmektedir. \u00d6zel biyo-k\u00fctle ta\u015f\u0131y\u0131c\u0131s\u0131n\u0131n kullan\u0131lmas\u0131na uygun olarak tasarlanan sistemler &hellip; <a href=\"https:\/\/zetaskimya.com.tr\/index.php\/product\/mbbr-sistemleri\/\" class=\"more-link\">Continue reading <span class=\"screen-reader-text\">MBBR Sistemleri<\/span><\/a><\/p>\n","protected":false},"featured_media":9285,"comment_status":"open","ping_status":"closed","template":"","meta":[],"product_cat":[190,171],"product_tag":[],"class_list":{"0":"post-9251","1":"product","2":"type-product","3":"status-publish","4":"has-post-thumbnail","6":"product_cat-atik-su-aritma-sistemleri","7":"product_cat-sanayi-tipi-su-aritma","10":"instock","11":"shipping-taxable","12":"purchasable","13":"product-type-simple"},"jetpack_sharing_enabled":true,"_links":{"self":[{"href":"https:\/\/zetaskimya.com.tr\/index.php\/wp-json\/wp\/v2\/product\/9251","targetHints":{"allow":["GET"]}}],"collection":[{"href":"https:\/\/zetaskimya.com.tr\/index.php\/wp-json\/wp\/v2\/product"}],"about":[{"href":"https:\/\/zetaskimya.com.tr\/index.php\/wp-json\/wp\/v2\/types\/product"}],"replies":[{"embeddable":true,"href":"https:\/\/zetaskimya.com.tr\/index.php\/wp-json\/wp\/v2\/comments?post=9251"}],"version-history":[{"count":0,"href":"https:\/\/zetaskimya.com.tr\/index.php\/wp-json\/wp\/v2\/product\/9251\/revisions"}],"wp:featuredmedia":[{"embeddable":true,"href":"https:\/\/zetaskimya.com.tr\/index.php\/wp-json\/wp\/v2\/media\/9285"}],"wp:attachment":[{"href":"https:\/\/zetaskimya.com.tr\/index.php\/wp-json\/wp\/v2\/media?parent=9251"}],"wp:term":[{"taxonomy":"product_cat","embeddable":true,"href":"https:\/\/zetaskimya.com.tr\/index.php\/wp-json\/wp\/v2\/product_cat?post=9251"},{"taxonomy":"product_tag","embeddable":true,"href":"https:\/\/zetaskimya.com.tr\/index.php\/wp-json\/wp\/v2\/product_tag?post=9251"}],"curies":[{"name":"wp","href":"https:\/\/api.w.org\/{rel}","templated":true}]}}