{"id":9629,"date":"2024-09-28T16:26:15","date_gmt":"2024-09-28T13:26:15","guid":{"rendered":"https:\/\/zetaskimya.com.tr\/?post_type=product&#038;p=9629"},"modified":"2026-05-04T06:17:06","modified_gmt":"2026-05-04T03:17:06","slug":"uc-baglantili-ve-uc-yollu-musluk","status":"publish","type":"product","link":"https:\/\/zetaskimya.com.tr\/index.php\/product\/uc-baglantili-ve-uc-yollu-musluk\/","title":{"rendered":"\u00dc\u00e7 Ba\u011flant\u0131l\u0131 ve \u00dc\u00e7 Yollu Musluk"},"content":{"rendered":"<p>&#8216;- A.Q \u00dc\u00e7 Ba\u011flant\u0131l\u0131 Musluk ( S\u0131cak &#8211; So\u011fuk )<\/p>\n<p>&#8211; SS304 \u00dc\u00e7 Ba\u011flant\u0131l\u0131 Musluk ( S\u0131cak &#8211; So\u011fuk )<\/p>\n<p>&#8211; SS304 Ravent \u00dc\u00e7 Ba\u011flant\u0131l\u0131 Musluk ( S\u0131cak &#8211; So\u011fuk )<\/p>\n<p>&#8211; R.O \u00dc\u00e7 Yollu Musluk, Ku\u011fu Tip ( S\u0131cak &#8211; So\u011fuk )<\/p>\n<p>&#8211; Jammy \u00dc\u00e7 Ba\u011flant\u0131l\u0131 Musluk, Kare ( S\u0131cak &#8211; So\u011fuk )<\/p>\n","protected":false},"excerpt":{"rendered":"<p>&#8216;- A.Q \u00dc\u00e7 Ba\u011flant\u0131l\u0131 Musluk ( S\u0131cak &#8211; So\u011fuk ) &#8211; SS304 \u00dc\u00e7 Ba\u011flant\u0131l\u0131 Musluk ( S\u0131cak &#8211; So\u011fuk ) &#8211; SS304 Ravent \u00dc\u00e7 Ba\u011flant\u0131l\u0131 Musluk ( S\u0131cak &#8211; So\u011fuk ) &#8211; R.O \u00dc\u00e7 Yollu Musluk, Ku\u011fu Tip ( S\u0131cak &#8211; So\u011fuk ) &#8211; Jammy \u00dc\u00e7 Ba\u011flant\u0131l\u0131 Musluk, Kare ( S\u0131cak &#8211; So\u011fuk )<\/p>\n","protected":false},"featured_media":9654,"comment_status":"open","ping_status":"closed","template":"","meta":[],"product_cat":[168,151,216],"product_tag":[],"class_list":{"0":"post-9629","1":"product","2":"type-product","3":"status-publish","4":"has-post-thumbnail","6":"product_cat-ekipmanlar","7":"product_cat-ev-tipi-su-aritma","8":"product_cat-musluklar","9":"pa_musluk-a-q-uc-baglantili-musluk","10":"pa_musluk-jammy-uc-baglantili-musluk","11":"pa_musluk-r-o-uc-yollu-musluk","12":"pa_musluk-ravent-uc-baglantili-musluk","13":"pa_musluk-uc-baglantili-musluk","16":"instock","17":"sale","18":"shipping-taxable","19":"purchasable","20":"product-type-variable"},"jetpack_sharing_enabled":true,"_links":{"self":[{"href":"https:\/\/zetaskimya.com.tr\/index.php\/wp-json\/wp\/v2\/product\/9629","targetHints":{"allow":["GET"]}}],"collection":[{"href":"https:\/\/zetaskimya.com.tr\/index.php\/wp-json\/wp\/v2\/product"}],"about":[{"href":"https:\/\/zetaskimya.com.tr\/index.php\/wp-json\/wp\/v2\/types\/product"}],"replies":[{"embeddable":true,"href":"https:\/\/zetaskimya.com.tr\/index.php\/wp-json\/wp\/v2\/comments?post=9629"}],"version-history":[{"count":0,"href":"https:\/\/zetaskimya.com.tr\/index.php\/wp-json\/wp\/v2\/product\/9629\/revisions"}],"wp:featuredmedia":[{"embeddable":true,"href":"https:\/\/zetaskimya.com.tr\/index.php\/wp-json\/wp\/v2\/media\/9654"}],"wp:attachment":[{"href":"https:\/\/zetaskimya.com.tr\/index.php\/wp-json\/wp\/v2\/media?parent=9629"}],"wp:term":[{"taxonomy":"product_cat","embeddable":true,"href":"https:\/\/zetaskimya.com.tr\/index.php\/wp-json\/wp\/v2\/product_cat?post=9629"},{"taxonomy":"product_tag","embeddable":true,"href":"https:\/\/zetaskimya.com.tr\/index.php\/wp-json\/wp\/v2\/product_tag?post=9629"}],"curies":[{"name":"wp","href":"https:\/\/api.w.org\/{rel}","templated":true}]}}